{"id":1786,"date":"2019-01-09T14:37:25","date_gmt":"2019-01-09T13:37:25","guid":{"rendered":"https:\/\/www.elternrat-selzach.ch\/elternrat\/?page_id=1786"},"modified":"2022-09-09T11:09:34","modified_gmt":"2022-09-09T09:09:34","slug":"kinderhort-selzach","status":"publish","type":"page","link":"https:\/\/www.elternrat-selzach.ch\/elternrat\/kinderhort-selzach\/","title":{"rendered":"Kinderhort Selzach"},"content":{"rendered":"<div class=\"swmsc_column swmsc_two_third first \">\n<div id=\"cc-m-12097424749\" class=\"j-module n j-text \">\n<p>Der Hort Selzach bietet eine familienerg\u00e4nzende Betreuung f\u00fcr Sch\u00fclerinnen und Sch\u00fcler vom 2. Kindergartenjahr bis zur 6. Klasse Primarschule an.<\/p>\n<p>Schwerpunkte der Betreuung sind p\u00e4dagogisch gestaltete Freizeitaktivit\u00e4ten. Die Sch\u00fclerinnen und Sch\u00fcler werden im Hort altersgerecht und fachlich kompetent entsprechend dem p\u00e4dagogischen Konzept betreut. Die Mitarbeitenden des Horts erm\u00f6glichen den Sch\u00fclerinnen und Sch\u00fcler zudem die selbst\u00e4ndige Erledigung der Hausaufgaben und bieten bei Bedarf Unterst\u00fctzung.<\/p>\n<p><strong>Betreuungsangebot w\u00e4hrend der Schulwochen<\/strong><\/p>\n<p>W\u00e4hrend der Schulwochen findet der Hortbetrieb am Montag, Dienstag, Donnerstag und Freitag, von 13.30 Uhr bis 18.00 Uhr statt.<\/p>\n<p><strong>Betreuungsangebot w\u00e4hrend der Schulferien<\/strong><\/p>\n<p>W\u00e4hrend der Schulferien und orts\u00fcblichen Feiertage, an Br\u00fcckentagen, sowie am kantonalen Lehrertag bleibt der Hort geschlossen.<\/p>\n<p><strong>Betreuungsangebot<\/strong><\/p>\n<p>Sowohl w\u00e4hrend der Schulwochen wie w\u00e4hrend der Schulferien sind mindestens 4 Anmeldungen pro Tag n\u00f6tig, damit der Hort durchgef\u00fchrt wird.<\/p>\n<p><strong>Wo<\/strong><\/p>\n<p>Der Hort befindet sich im ehemaligen Pfarrhaus, an der Dorfstrasse 33 in Selzach.<\/p>\n<p><strong>Tarife<\/strong><\/p>\n<p>Die Tarife sind einkommensabh\u00e4ngig, gem\u00e4ss Tarifordnung.<\/p>\n<p><strong>Anmeldung<\/strong><\/p>\n<p>F\u00fcr jedes Kind ist ein vollst\u00e4ndig ausgef\u00fclltes und unterschriebenes Anmeldeformular abzugeben.<\/p>\n<p><strong>Kontakt<\/strong><\/p>\n<p>Einwohnergemeinde Selzach<\/p>\n<\/div>\n<div class=\"j-module n j-text \">Hort Selzach<\/div>\n<div class=\"j-module n j-text \">Jda Zimmerli<\/div>\n<div class=\"j-module n j-text \">Dorfstrasse 33<\/div>\n<div class=\"j-module n j-text \">2545 Selzach<\/div>\n<div class=\"j-module n j-text \">Tel. 032 641 02 41<\/div>\n<div class=\"j-module n j-text \">E-Mail: <a title=\"kinderbetreuung@selzach.ch\" href=\"mailto:j.zimmerli@selzach.ch\">Kinderbetreuung<\/a><\/div>\n<\/div>\n<div class=\"swmsc_column swmsc_one_third  \">\n<p><strong>Formulare<\/strong><\/p>\n<p><span style=\"color: #99cc00;\"><a style=\"color: #99cc00;\" href=\"https:\/\/www.elternrat-selzach.ch\/elternrat\/wp-content\/uploads\/2022\/09\/Anmeldung-Hort-Schulwochen-2022-2023.pdf\" target=\"_blank\" rel=\"noopener\">Anmeldung Hort<\/a><\/span><\/p>\n<p><span style=\"color: #99cc00;\"><a style=\"color: #99cc00;\" href=\"https:\/\/www.elternrat-selzach.ch\/elternrat\/wp-content\/uploads\/2022\/09\/Betriebskonzept-Hort-2021.pdf\" target=\"_blank\" rel=\"noopener\">Betriebskonzept Hort<\/a><\/span><\/p>\n<p><span style=\"color: #99cc00;\"><a style=\"color: #99cc00;\" href=\"https:\/\/www.elternrat-selzach.ch\/elternrat\/wp-content\/uploads\/2022\/09\/Betriebsreglement-Kinderbetreuung.pdf\" target=\"_blank\" rel=\"noopener\">Betriebsreglement Hort<\/a><\/span><\/p>\n<p><span style=\"color: #99cc00;\"><a style=\"color: #99cc00;\" href=\"https:\/\/www.elternrat-selzach.ch\/elternrat\/wp-content\/uploads\/2022\/09\/Tarifordnung-Kinderbetreuung-Selzach.pdf-2020.pdf\" target=\"_blank\" rel=\"noopener\">Tarife Hort<\/a><\/span><\/p>\n<\/div>\n","protected":false},"excerpt":{"rendered":"Der Hort Selzach bietet eine familienerg\u00e4nzende Betreuung f\u00fcr Sch\u00fclerinnen und Sch\u00fcler vom 2. Kindergartenjahr bis zur 6. Klasse Primarschule an. Schwerpunkte der Betreuung sind p\u00e4dagogisch gestaltete Freizeitaktivit\u00e4ten. Die Sch\u00fclerinnen und Sch\u00fcler werden im Hort altersgerecht und fachlich kompetent entsprechend dem p\u00e4dagogischen Konzept betreut. Die Mitarbeitenden des Horts erm\u00f6glichen den Sch\u00fclerinnen [...]","protected":false},"author":1,"featured_media":0,"parent":0,"menu_order":0,"comment_status":"closed","ping_status":"closed","template":"","meta":{"_price":"","_stock":"","_tribe_ticket_header":"","_tribe_default_ticket_provider":"","_ticket_start_date":"","_ticket_end_date":"","_tribe_ticket_show_description":"","_tribe_ticket_show_not_going":false,"_tribe_ticket_use_global_stock":"","_tribe_ticket_global_stock_level":"","_global_stock_mode":"","_global_stock_cap":"","_tribe_rsvp_for_event":"","_tribe_ticket_going_count":"","_tribe_ticket_not_going_count":"","_tribe_tickets_list":"[]","_tribe_ticket_has_attendee_info_fields":false,"footnotes":"","_tec_slr_enabled":"","_tec_slr_layout":""},"class_list":["post-1786","page","type-page","status-publish","hentry"],"ticketed":false,"_links":{"self":[{"href":"https:\/\/www.elternrat-selzach.ch\/elternrat\/wp-json\/wp\/v2\/pages\/1786","targetHints":{"allow":["GET"]}}],"collection":[{"href":"https:\/\/www.elternrat-selzach.ch\/elternrat\/wp-json\/wp\/v2\/pages"}],"about":[{"href":"https:\/\/www.elternrat-selzach.ch\/elternrat\/wp-json\/wp\/v2\/types\/page"}],"author":[{"embeddable":true,"href":"https:\/\/www.elternrat-selzach.ch\/elternrat\/wp-json\/wp\/v2\/users\/1"}],"replies":[{"embeddable":true,"href":"https:\/\/www.elternrat-selzach.ch\/elternrat\/wp-json\/wp\/v2\/comments?post=1786"}],"version-history":[{"count":8,"href":"https:\/\/www.elternrat-selzach.ch\/elternrat\/wp-json\/wp\/v2\/pages\/1786\/revisions"}],"predecessor-version":[{"id":2389,"href":"https:\/\/www.elternrat-selzach.ch\/elternrat\/wp-json\/wp\/v2\/pages\/1786\/revisions\/2389"}],"wp:attachment":[{"href":"https:\/\/www.elternrat-selzach.ch\/elternrat\/wp-json\/wp\/v2\/media?parent=1786"}],"curies":[{"name":"wp","href":"https:\/\/api.w.org\/{rel}","templated":true}]}}