{"id":2023,"date":"2019-01-24T13:59:21","date_gmt":"2019-01-24T12:59:21","guid":{"rendered":"https:\/\/www.elternrat-selzach.ch\/?page_id=2023"},"modified":"2026-03-18T21:34:35","modified_gmt":"2026-03-18T20:34:35","slug":"2023-2","status":"publish","type":"page","link":"https:\/\/www.elternrat-selzach.ch\/elternrat\/2023-2\/","title":{"rendered":"Vorstand"},"content":{"rendered":"[vc_row][vc_column]<div   >\n\t\t\t\t\t\t<div class=\"swmsc_container\">\n\t\t\t\t\t\t\t<div  class=\"swmsc_fancy_heading swmsc_fancy_heading_center fh_icon_star\" style=\"margin-top:70px;margin-bottom:40px;\">\n\t\t\t\t\t\t<div class=\"swmsc_fancy_heading_text\" style=\"font-size:30px;line-height:36px;\">\n\t\t\t\t\t\t\tDer Vorstand\n\t\t\t\t\t\t\t<div class=\"swmsc_fancy_heading_border\">\n\t\t\t\t\t\t\t\t<span class=\"swmsc_fancy_heading_border1\" style=\"background:#f8b54d;\"><\/span>\n\t\t\t\t\t\t\t\t<span class=\"swmsc_fancy_heading_border2\" style=\"background:#f8b54d;\"><\/span>\n\t\t\t\t\t\t\t\t<span class=\"swmsc_fancy_heading_icon\"><i class=\"fa fa-star\"  style=\"color:#8373ce;\"><\/i><\/span>\n\t\t\t\t\t\t\t<\/div>\n\t\t\t\t\t\t<\/div>\n\t\t\t\t\t<\/div><div  class=\"swmsc_text_block\" > Wir als Vorstand m\u00f6chten Uns kurz bei Ihnen vorstellen.<div  class=\"clear swmsc_gap\" style=\"margin:50px 0 0 0;\"><\/div><\/div>[vc_row_inner][vc_column_inner width=&#8220;1\/4&#8243;]<div   >\n\t\t\t\t\t\t<div class=\"swmsc_service_box\" style=\"background-color:#ffffff;;border:2px solid #fcb54d; border-radius:20px;margin-bottom:20px;\">\n\t\t\t\t\t\t\t<div class=\"swmsc_service_box_content auto_width\" style=\"padding:35px 20px 20px 20px; border-radius:20px;\">\n\t\t\t\t\t\t\t\t<div  class=\"center\" >\n\t\t\t\t\t\t<div class=\"swmsc_services_images swmsc_responsive_services swmsc_services_item_center\" data-responsive=\"767\" data-margin=\"20\" >\n\t\t\t\t\t\t\t\t<div class=\"swmsc_services_item_holder\" style=\"margin-bottom:20px;\">\n\t\t\t\t\t\t\t\t<span>\n\t\t\t\t\t\t\t\t\t<img decoding=\"async\" src=\"https:\/\/www.elternrat-selzach.ch\/elternrat\/wp-content\/uploads\/2025\/01\/1692335134466.jpg\" alt=\"\" style=\"border:2px solid #fcb54d; border-radius:100%; padding:2px;\" >\n\t\t\t\t\t\t\t\t<\/span>\n\t\t\t\t\t\t\t<\/div>\n\t\t\t\t\t\t\t<div class=\"swmsc_services_image_content\">\n\t\t\t\t\t\t\t\t<h5 style=\"font-size:22px; color:#fcb54d;margin-bottom:0px;\">Jo\u00ebl Kupferschmid<\/h5>\n\t\t\t\t\t\t\t\tPr\u00e4sident<\/p>\n<div  class=\"swmsc_custom_dividers swmsc_dividers_line2 text_align_center\" style=\"margin-top:20px;margin-bottom:20px;\"><span style=\"max-width:50px;background-color:#fcb54d;\"><\/span><\/div>\n\t\t\t\t\t\t\t\t<div class=\"clear\"><\/div>\n\t\t\t\t\t\t\t\t<\/div>\n\t\t\t\t\t\t\t<div class=\"clear\"><\/div>\n\t\t\t\t\t\t<\/div>\n\t\t\t\t\t\t<div class=\"clear\"><\/div>\n\t\t\t\t\t<\/div>\n\t\t\t\t\t\t\t\t<div class=\"clear\"><\/div>\n\t\t\t\t\t\t\t<\/div>\n\t\t\t\t\t\t<\/div>\n\t\t\t\t\t<\/div>[\/vc_column_inner][vc_column_inner width=&#8220;1\/4&#8243;]<div   >\n\t\t\t\t\t\t<div class=\"swmsc_service_box\" style=\"background-color:#ffffff;;border:2px solid #cf7cd1; border-radius:20px;margin-bottom:20px;\">\n\t\t\t\t\t\t\t<div class=\"swmsc_service_box_content auto_width\" style=\"padding:35px 20px 20px 20px; border-radius:20px;\">\n\t\t\t\t\t\t\t\t<div  class=\"center\" >\n\t\t\t\t\t\t<div class=\"swmsc_services_images swmsc_responsive_services swmsc_services_item_center\" data-responsive=\"767\" data-margin=\"20\" >\n\t\t\t\t\t\t\t\t<div class=\"swmsc_services_item_holder\" style=\"margin-bottom:20px;\">\n\t\t\t\t\t\t\t\t<span>\n\t\t\t\t\t\t\t\t\t<img decoding=\"async\" src=\"https:\/\/www.elternrat-selzach.ch\/elternrat\/wp-content\/uploads\/2026\/03\/aa19dd79-8444-4352-920f-9bd3d8f0a2e2.jpeg\" alt=\"\" style=\"border:2px solid #3247bc; border-radius:100%; padding:2px;\" >\n\t\t\t\t\t\t\t\t<\/span>\n\t\t\t\t\t\t\t<\/div>\n\t\t\t\t\t\t\t<div class=\"swmsc_services_image_content\">\n\t\t\t\t\t\t\t\t<h5 style=\"font-size:22px; color:#3247bc;margin-bottom:0px;\">Sandro Rusterholz<\/h5>\n\t\t\t\t\t\t\t\tVize-Pr\u00e4sident<\/p>\n<div  class=\"swmsc_custom_dividers swmsc_dividers_line2 text_align_center\" style=\"margin-top:20px;margin-bottom:20px;\"><span style=\"max-width:50px;background-color:#cf7cd1;\"><\/span><\/div>\n<p>Seit November 2022 darf ich als Beisitz im Vorstand des Elternrates, die Veranstaltungen f\u00fcr unserer Kinder in der Gemeinde aktiv mitgestallten.<\/p>\n<p>Es freut mich sehr, durch mein Engagement einen Teil zu diesen sehr spannenden Aktivit\u00e4ten beizutragen.<\/p>\n<p>Ich bin Vater von 2 Kindern und bin beruflich im Ingenieurwesen t\u00e4tig.<\/p>\n<p>In meiner Freizeit verbringe ich viel Zeit mit der Familie und lasse den Tag auch gerne bei einem guten Essen und einem Glas Wein ausklingen.\n\t\t\t\t\t\t\t\t<div class=\"clear\"><\/div>\n\t\t\t\t\t\t\t\t<\/div>\n\t\t\t\t\t\t\t<div class=\"clear\"><\/div>\n\t\t\t\t\t\t<\/div>\n\t\t\t\t\t\t<div class=\"clear\"><\/div>\n\t\t\t\t\t<\/div>\n\t\t\t\t\t\t\t\t<div class=\"clear\"><\/div>\n\t\t\t\t\t\t\t<\/div>\n\t\t\t\t\t\t<\/div>\n\t\t\t\t\t<\/div>[\/vc_column_inner][vc_column_inner width=&#8220;1\/4&#8243;]<div   >\n\t\t\t\t\t\t<div class=\"swmsc_service_box\" style=\"background-color:#ffffff;;border:2px solid #f37f8c; border-radius:20px;margin-bottom:20px;\">\n\t\t\t\t\t\t\t<div class=\"swmsc_service_box_content auto_width\" style=\"padding:35px 20px 20px 20px; border-radius:20px;\">\n\t\t\t\t\t\t\t\t<div  class=\"center\" >\n\t\t\t\t\t\t<div class=\"swmsc_services_images swmsc_responsive_services swmsc_services_item_center\" data-responsive=\"767\" data-margin=\"20\" >\n\t\t\t\t\t\t\t\t<div class=\"swmsc_services_item_holder\" style=\"margin-bottom:20px;\">\n\t\t\t\t\t\t\t\t<span>\n\t\t\t\t\t\t\t\t\t<img decoding=\"async\" src=\"https:\/\/www.elternrat-selzach.ch\/elternrat\/wp-content\/uploads\/2026\/01\/Zyberi-Detar_Skypefoto.jpg\" alt=\"\" style=\"border:2px solid #f37f8c; border-radius:100%; padding:2px;\" >\n\t\t\t\t\t\t\t\t<\/span>\n\t\t\t\t\t\t\t<\/div>\n\t\t\t\t\t\t\t<div class=\"swmsc_services_image_content\">\n\t\t\t\t\t\t\t\t<h5 style=\"font-size:22px; color:#f37f8c;margin-bottom:0px;\">Detar Zyberi<\/h5>\n\t\t\t\t\t\t\t\tAktuar<\/p>\n<div  class=\"swmsc_custom_dividers swmsc_dividers_line2 text_align_center\" style=\"margin-top:20px;margin-bottom:20px;\"><span style=\"max-width:50px;background-color:#f37f8c;\"><\/span><\/div>\n<p data-path-to-node=\"2,0\">Seit November 2025 bin ich als Aktuar im Vorstand t\u00e4tig. Da mir das Koordinieren gro\u00dfe Freude bereitet, motiviert es mich umso mehr, diese Aufgabe nun f\u00fcr die Kinder und deren Eltern wahrzunehmen.<\/p>\n<p data-path-to-node=\"2,1\">Ich bin Vater von drei Kindern und beruflich im ICT-Bereich t\u00e4tig. Meine Freizeit verbringe ich am liebsten mit meiner Familie, mit der ich auch gerne an die unterschiedlichsten Orte reise. Um den Tag entspannt ausklingen zu lassen, sitze ich ab und zu auch gerne abends noch am Computer.<\/p>\n\n\t\t\t\t\t\t\t\t<div class=\"clear\"><\/div>\n\t\t\t\t\t\t\t\t<\/div>\n\t\t\t\t\t\t\t<div class=\"clear\"><\/div>\n\t\t\t\t\t\t<\/div>\n\t\t\t\t\t\t<div class=\"clear\"><\/div>\n\t\t\t\t\t<\/div>\n\t\t\t\t\t\t\t\t<div class=\"clear\"><\/div>\n\t\t\t\t\t\t\t<\/div>\n\t\t\t\t\t\t<\/div>\n\t\t\t\t\t<\/div>[\/vc_column_inner][vc_column_inner width=&#8220;1\/4&#8243;]<div   >\n\t\t\t\t\t\t<div class=\"swmsc_service_box\" style=\"background-color:;;border:2px solid #78d0e4; border-radius:20px;margin-bottom:20px;\">\n\t\t\t\t\t\t\t<div class=\"swmsc_service_box_content auto_width\" style=\"padding:35px 20px 20px 20px; border-radius:20px;\">\n\t\t\t\t\t\t\t\t<div  class=\"center\" >\n\t\t\t\t\t\t<div class=\"swmsc_services_images swmsc_responsive_services swmsc_services_item_center\" data-responsive=\"767\" data-margin=\"20\" >\n\t\t\t\t\t\t\t\t<div class=\"swmsc_services_item_holder\" style=\"margin-bottom:20px;\">\n\t\t\t\t\t\t\t\t<span>\n\t\t\t\t\t\t\t\t\t<img decoding=\"async\" src=\"https:\/\/www.elternrat-selzach.ch\/elternrat\/wp-content\/uploads\/2022\/11\/Sandra-Friso-e1669209830889.jpg\" alt=\"\" style=\"border:2px solid #cf7cd1; border-radius:100%; padding:2px;\" >\n\t\t\t\t\t\t\t\t<\/span>\n\t\t\t\t\t\t\t<\/div>\n\t\t\t\t\t\t\t<div class=\"swmsc_services_image_content\">\n\t\t\t\t\t\t\t\t<h5 style=\"font-size:22px; color:#cf7cd1;margin-bottom:0px;\">Sandra Friso<\/h5>\n\t\t\t\t\t\t\t\tKassier\/in<\/p>\n<div  class=\"swmsc_custom_dividers swmsc_dividers_line2 text_align_center\" style=\"margin-top:20px;margin-bottom:20px;\"><span style=\"max-width:50px;background-color:#cf7cd1;\"><\/span><\/div>\n<p>Ende November 2022 wurde ich als Kassierin ernannt und bin somit in den Vorstand gew\u00e4hlt worden. Da ich mich sehr gerne f\u00fcr die Kids im Dorf einsetze, werde ich dieses Amt mit viel Freude und Engagement aus\u00fcben.<\/p>\n<p>Ich bin Mami von 2 Kindern und arbeite im Teilzeitpensum in einer Bank.<\/p>\n<p>In meiner Freizeit geniesse ich die Zeit mit der Familie, bin gerne Draussen und spiele Fussball im FC.\n\t\t\t\t\t\t\t\t<div class=\"clear\"><\/div>\n\t\t\t\t\t\t\t\t<\/div>\n\t\t\t\t\t\t\t<div class=\"clear\"><\/div>\n\t\t\t\t\t\t<\/div>\n\t\t\t\t\t\t<div class=\"clear\"><\/div>\n\t\t\t\t\t<\/div>\n\t\t\t\t\t\t\t\t<div class=\"clear\"><\/div>\n\t\t\t\t\t\t\t<\/div>\n\t\t\t\t\t\t<\/div>\n\t\t\t\t\t<\/div>[\/vc_column_inner][\/vc_row_inner][vc_row_inner][vc_column_inner width=&#8220;1\/4&#8243;][\/vc_column_inner][vc_column_inner width=&#8220;1\/4&#8243;]<div   >\n\t\t\t\t\t\t<div class=\"swmsc_service_box\" style=\"background-color:#ffffff;;border:2px solid #cf7cd1; border-radius:20px;margin-bottom:20px;\">\n\t\t\t\t\t\t\t<div class=\"swmsc_service_box_content auto_width\" style=\"padding:35px 20px 20px 20px; border-radius:20px;\">\n\t\t\t\t\t\t\t\t<div  class=\"center\" >\n\t\t\t\t\t\t<div class=\"swmsc_services_images swmsc_responsive_services swmsc_services_item_center\" data-responsive=\"767\" data-margin=\"20\" >\n\t\t\t\t\t\t\t\t<div class=\"swmsc_services_item_holder\" style=\"margin-bottom:20px;\">\n\t\t\t\t\t\t\t\t<span>\n\t\t\t\t\t\t\t\t\t<img decoding=\"async\" src=\"\" alt=\"\" style=\"border:2px solid #78d0e4; border-radius:100%; padding:2px;\" >\n\t\t\t\t\t\t\t\t<\/span>\n\t\t\t\t\t\t\t<\/div>\n\t\t\t\t\t\t\t<div class=\"swmsc_services_image_content\">\n\t\t\t\t\t\t\t\t<h5 style=\"font-size:22px; color:#78d0e4;margin-bottom:0px;\">Denise G\u00e4mperle<\/h5>\n\t\t\t\t\t\t\t\tBeisitz<\/p>\n<div  class=\"swmsc_custom_dividers swmsc_dividers_line2 text_align_center\" style=\"margin-top:20px;margin-bottom:20px;\"><span style=\"max-width:50px;background-color:#fcb54d;\"><\/span><\/div>\n\t\t\t\t\t\t\t\t<div class=\"clear\"><\/div>\n\t\t\t\t\t\t\t\t<\/div>\n\t\t\t\t\t\t\t<div class=\"clear\"><\/div>\n\t\t\t\t\t\t<\/div>\n\t\t\t\t\t\t<div class=\"clear\"><\/div>\n\t\t\t\t\t<\/div>\n\t\t\t\t\t\t\t\t<div class=\"clear\"><\/div>\n\t\t\t\t\t\t\t<\/div>\n\t\t\t\t\t\t<\/div>\n\t\t\t\t\t<\/div>[\/vc_column_inner][vc_column_inner width=&#8220;1\/4&#8243;]<div   >\n\t\t\t\t\t\t<div class=\"swmsc_service_box\" style=\"background-color:#ffffff;;border:2px solid #dd9933; border-radius:20px;margin-bottom:20px;\">\n\t\t\t\t\t\t\t<div class=\"swmsc_service_box_content auto_width\" style=\"padding:35px 20px 20px 20px; border-radius:20px;\">\n\t\t\t\t\t\t\t\t<div  class=\"center\" >\n\t\t\t\t\t\t<div class=\"swmsc_services_images swmsc_responsive_services swmsc_services_item_center\" data-responsive=\"767\" data-margin=\"20\" >\n\t\t\t\t\t\t\t\t<div class=\"swmsc_services_item_holder\" style=\"margin-bottom:20px;\">\n\t\t\t\t\t\t\t\t<span>\n\t\t\t\t\t\t\t\t\t<img decoding=\"async\" src=\"\" alt=\"\" style=\"border:2px solid #dd9933; border-radius:100%; padding:2px;\" >\n\t\t\t\t\t\t\t\t<\/span>\n\t\t\t\t\t\t\t<\/div>\n\t\t\t\t\t\t\t<div class=\"swmsc_services_image_content\">\n\t\t\t\t\t\t\t\t<h5 style=\"font-size:22px; color:#dd9933;margin-bottom:0px;\">Mona Begni<\/h5>\n\t\t\t\t\t\t\t\tBeisitz<\/p>\n<div  class=\"swmsc_custom_dividers swmsc_dividers_line2 text_align_center\" style=\"margin-top:20px;margin-bottom:20px;\"><span style=\"max-width:50px;background-color:#dd9933;\"><\/span><\/div>\n\t\t\t\t\t\t\t\t<div class=\"clear\"><\/div>\n\t\t\t\t\t\t\t\t<\/div>\n\t\t\t\t\t\t\t<div class=\"clear\"><\/div>\n\t\t\t\t\t\t<\/div>\n\t\t\t\t\t\t<div class=\"clear\"><\/div>\n\t\t\t\t\t<\/div>\n\t\t\t\t\t\t\t\t<div class=\"clear\"><\/div>\n\t\t\t\t\t\t\t<\/div>\n\t\t\t\t\t\t<\/div>\n\t\t\t\t\t<\/div>[\/vc_column_inner][vc_column_inner width=&#8220;1\/4&#8243;][\/vc_column_inner][\/vc_row_inner]\n\t\t\t\t\t\t\t<div class=\"clear\"><\/div>\n\t\t\t\t\t\t<\/div>\n\t\t\t\t\t<\/div>[\/vc_column][\/vc_row]\n","protected":false},"excerpt":{"rendered":"<p>[vc_row][vc_column][\/vc_column][\/vc_row]<\/p>\n","protected":false},"author":1,"featured_media":0,"parent":0,"menu_order":0,"comment_status":"closed","ping_status":"closed","template":"","meta":{"_price":"","_stock":"","_tribe_ticket_header":"","_tribe_default_ticket_provider":"","_ticket_start_date":"","_ticket_end_date":"","_tribe_ticket_show_description":"","_tribe_ticket_show_not_going":false,"_tribe_ticket_use_global_stock":"","_tribe_ticket_global_stock_level":"","_global_stock_mode":"","_global_stock_cap":"","_tribe_rsvp_for_event":"","_tribe_ticket_going_count":"","_tribe_ticket_not_going_count":"","_tribe_tickets_list":"[]","_tribe_ticket_has_attendee_info_fields":false,"footnotes":"","_tec_slr_enabled":"","_tec_slr_layout":""},"class_list":["post-2023","page","type-page","status-publish","hentry"],"ticketed":false,"_links":{"self":[{"href":"https:\/\/www.elternrat-selzach.ch\/elternrat\/wp-json\/wp\/v2\/pages\/2023","targetHints":{"allow":["GET"]}}],"collection":[{"href":"https:\/\/www.elternrat-selzach.ch\/elternrat\/wp-json\/wp\/v2\/pages"}],"about":[{"href":"https:\/\/www.elternrat-selzach.ch\/elternrat\/wp-json\/wp\/v2\/types\/page"}],"author":[{"embeddable":true,"href":"https:\/\/www.elternrat-selzach.ch\/elternrat\/wp-json\/wp\/v2\/users\/1"}],"replies":[{"embeddable":true,"href":"https:\/\/www.elternrat-selzach.ch\/elternrat\/wp-json\/wp\/v2\/comments?post=2023"}],"version-history":[{"count":38,"href":"https:\/\/www.elternrat-selzach.ch\/elternrat\/wp-json\/wp\/v2\/pages\/2023\/revisions"}],"predecessor-version":[{"id":2717,"href":"https:\/\/www.elternrat-selzach.ch\/elternrat\/wp-json\/wp\/v2\/pages\/2023\/revisions\/2717"}],"wp:attachment":[{"href":"https:\/\/www.elternrat-selzach.ch\/elternrat\/wp-json\/wp\/v2\/media?parent=2023"}],"curies":[{"name":"wp","href":"https:\/\/api.w.org\/{rel}","templated":true}]}}